actor of o and l?
11
Let n = -1 - -37. What is the highest common divisor of 12 and n?
12
Suppose 90 = 5*w + 4*r, 3*w - 18 = 2*w + 3*r. Calculate the highest common factor of 126 and w.
18
Let q = 11 + -8. Let z = -20 + 11. Let n = z + 18. Calculate the highest common factor of n and q.
3
Let m be ((-6)/(-9))/((-2)/(-36)). What is the greatest common factor of 8 and m?
4
Suppose 11 = 5*z + 1. Let u be (12/(-14))/(z/(-14)). What is the greatest common factor of 18 and u?
6
Suppose 2*d = 5*k + 177, -4*k - 263 + 83 = -2*d. Suppose c - 39 = -2*c + 3*z, c = 5*z + 17. What is the greatest common divisor of c and d?
12
Let m be (-152)/(-5) + (-4)/10. Calculate the highest common factor of m and 75.
15
Suppose 0 = -3*n + 3*o + 234, -5*n + 233 = -4*o - 157. What is the highest common factor of n and 6?
6
Suppose 2*t + 26 = 5*t - 5*h, t - 2 = -5*h. Calculate the greatest common divisor of t and 14.
7
Let j = 56 - 36. Suppose 872 = 4*n - 8. Calculate the highest common factor of j and n.
20
Let s = 8 + 1. What is the greatest common factor of s and 36?
9
Let j(n) = -1 - n + 3 + 10. Let t be j(9). Suppose 5*r = -5*l + 55, -2*l - 63 = -7*l + t*r. What is the greatest common divisor of l and 18?
6
Let y = -14 + 33. Let n(k) = k**3 + 21*k**2 - 23*k + 35. Let r be n(-22). Calculate the greatest common divisor of y and r.
19
Suppose -10 = -n + 26. Let x be (-587)/(-9) - 8/n. What is the greatest common divisor of x and 26?
13
Suppose -o = -1, -2*q - 2*o + o = -113. Suppose -154 = -j + q. Let a be 4*(-2)/(-12)*j. Calculate the highest common factor of 14 and a.
14
Let f(m) = -2*m**3 + m**2 - 2*m - 3. Let c be f(-2). What is the highest common divisor of c and 3?
3
Let d(a) be the second derivative of -5*a**3/6 + a**2 - 2*a. Let o be d(-2). Let n = -24 + 72. Calculate the highest common factor of n and o.
12
Suppose -4*a = -a - 96. Let m = 4 + a. Calculate the greatest common divisor of 4 and m.
4
Suppose 5*w + 27 = 3*g + 2*w, -1 = g - 3*w. Suppose -g + 50 = -2*b. Let m = -13 - b. What is the highest common factor of 45 and m?
5
Let g be ((-12)/15)/(2/(-5)). Suppose -h - 20 = -2*b + g*h, 3*h = 5*b - 50. What is the greatest common divisor of b and 5?
5
Let w(q) = 4*q - 3. Let u be w(9). Suppose 69 = 2*l - 5*s, -5*s = 2*l - 7*l + 135. Calculate the greatest common factor of u and l.
11
Suppose 8 = -2*j + 4*j. Calculate the highest common factor of j and 20.
4
Let d = 77 - 63. Calculate the greatest common divisor of 4 and d.
2
Let k(y) = y**3 - 6*y**2 + 6*y - 2. Let o be k(5). Suppose -a - 61 = -2*m - 4*a, o*m - 2*a = 72. What is the greatest common factor of m and 65?
13
Let m be (-2)/3*18/(-3). Let p = 0 + m. Suppose p*s + 93 = 401. What is the greatest common divisor of s and 11?
11
Let f = 24 - -27. Let g(m) = m**2 - 6*m + 3. Let x be g(6). Suppose 0*b - x*b + 102 = 0. Calculate the greatest common factor of f and b.
17
Suppose q = 3*q - 14. Let s be (-33)/7 + (-2)/q. Let m(j) = -j - 1. Let z be m(s). What is the greatest common factor of 36 and z?
4
Suppose -4*q - 13 = 3*z - 1, -q - 2*z - 8 = 0. Suppose q*g - 12 = -g. Calculate the greatest common divisor of 3 and g.
3
Let h be (24/10)/(16/360). Calculate the highest common divisor of 324 and h.
54
Let w be (-80)/(-6)*24/20. Suppose b - 1152 = -3*b. Suppose -3*c = -6*c + b. Calculate the greatest common divisor of w and c.
16
Let h = 203 - 99. Suppose -4 = 5*m - h. What is the highest common divisor of m and 5?
5
Suppose 2*v = -2*s + 162, -12 = 7*s - 3*s. Calculate the highest common divisor of v and 21.
21
Let t = 3 + 25. Let i be (34 - -4)/(1/2). Suppose 4*b = -3*x + 26, -2*x = 2*x - 5*b - i. What is the greatest common factor of t and x?
14
Suppose -2*f + 200 = 8*f. What is the highest common factor of f and 260?
20
Suppose 0*p + 3*p = 4*l - 14, 0 = 4*p + 4*l - 28. Suppose -p*v = v - 24. Calculate the highest common factor of 40 and v.
8
Suppose k = -5*j + 25, 2*k - 6*k = 2*j - 28. Suppose 4*i + 576 = j*l, 4 = 2*i - 6*i. Calculate the highest common divisor of 13 and l.
13
Let g(u) = -u - 3. Let f = -13 - -8. Let r be g(f). Let p be r - 7*(1 + -3). What is the highest common factor of 144 and p?
16
Let l be (-2)/(-4)*2 + 1. Let f(q) = 4*q**2 - 2*q - 2. Let i be f(l). Calculate the greatest common factor of 2 and i.
2
Suppose 2*c + 3*q - 202 = -0*c, 5*c - 3*q - 484 = 0. Calculate the greatest common factor of c and 14.
14
Let x = 158 + -92. Suppose 2*y + 0*y + x = 5*k, 4*k - 3*y - 50 = 0. What is the highest common divisor of 14 and k?
14
Let o = 55 - 36. Suppose -4*j + 5*m = -80, -4*j + 61 + o = -2*m. Let s = 62 - 12. Calculate the highest common factor of s and j.
10
Let f = 2 + 3. Let v(z) = z**2 + 7*z - 4. Let o be v(f). Let m be o/6*(5 - 2). What is the highest common divisor of m and 7?
7
Let o(x) be the third derivative of -x**4/8 - x**3/2 + x**2. Let q be o(-4). Let c be 6512/144 + 2/(-9). Calculate the highest common factor of c and q.
9
Suppose 4 = p - 30. What is the greatest common divisor of p and 306?
34
Suppose -5*k + 5 = h - 2*k, 5*k = 5*h - 5. Suppose 0 = -h*v + 12. What is the highest common divisor of v and 3?
3
Let j = -282 + 415. Calculate the highest common divisor of j and 19.
19
Let l(u) = -u**3 + 9*u**2 + 11*u - 1. Let t be l(10). Let v = -4 + t. What is the greatest common factor of 20 and v?
5
Let u = -16 + 24. Let p be 20/(((-3)/(-2))/3). Calculate the highest common factor of u and p.
8
Let v = 27 - 19. Let u be 2/v - 55/(-4). Calculate the greatest common divisor of u and 126.
14
Suppose -3*v + 928 = 253. Calculate the greatest common divisor of 25 and v.
25
Let d be (-6)/10*15/(-3). Suppose -4*y + 706 = -3*f, -5*y + d*f + 634 = -247. What is the highest common divisor of 25 and y?
25
Suppose 3*t - 3*z - 20 = -2*z, -2 = -2*z. What is the highest common divisor of 70 and t?
7
Suppose 8*r - 126 = 66. What is the highest common factor of r and 18?
6
Let x = -58 + 73. Let w be 1218/9 + 2/(-6). Calculate the greatest common divisor of x and w.
15
Suppose -4*k + d = 2*d - 277, 2*k + 2*d = 140. Suppose 3*u = k + 3. What is the greatest common factor of u and 12?
12
Suppose -t - 4*t = 0. Suppose -4*h - a - 7 + 48 = t, -3*a + 6 = -h. Calculate the greatest common factor of h and 36.
9
Suppose 36 = 3*y - 3*o, -4*y + o + 9 = -33. What is the greatest common divisor of y and 2?
2
Suppose 24 = g - 2*t, -5*g - 5*t + 136 = 1. Calculate the highest common divisor of 26 and g.
26
Suppose -6 = -5*c - h + 52, -h = -c + 8. Suppose -50 + 6 = -f. What is the greatest common divisor of f and c?
11
Let p be ((-12)/(-7))/(1/28). What is the greatest common divisor of 24 and p?
24
Suppose 4*l + 5*x - 90 = -l, -3*x - 9 = 0. What is the greatest common divisor of 21 and l?
21
Let z be ((-6)/(-9))/(1/6). Let l(k) = k**2 + 18*k - 17. Let g be l(-19). Calculate the highest common factor of g and z.
2
Let g = 42 + -30. Suppose g - 32 = -b. Suppose 5*m - 4*m = 220. Calculate the greatest common factor of b and m.
20
Suppose -3*k - f + 5*f = -63, 5*f = 15. What is the highest common divisor of k and 225?
25
Let p be (3 + 0)*(3 + -2). Suppose p*h = 0, 5*k = 3*h - 5*h. Let j be ((-2 - k) + -2)*-4. What is the greatest common divisor of j and 64?
16
Let k(x) = 4*x - 11. Let m be k(4). What is the highest common divisor of 1 and m?
1
Let k(g) = -g**2 - 9*g + 28. Let p be k(-9). Let b(d) = -d + 28. Let x be b(0). What is the highest common factor of p and x?
28
Let t be (-258)/(-13) + 4/26. What is the greatest common divisor of t and 8?
4
Suppose 0 = 5*k - 3*u - 62, -2*k + u - 27 = -4*k. What is the highest common factor of 26 and k?
13
Suppose 4*w = 8 + 4. Let s = -1 + w. Suppose -7*v + 85 = -s*v. What is the greatest common factor of v and 68?
17
Suppose -152 = -5*i - 4*j, 0*i + 106 = 3*i - 5*j. Let u(d) = -d**3 + 7*d**2 - 4*d - 22. Let s be u(5). What is the highest common factor of i and s?
8
Let w = 5 + 3. Calculate the greatest common factor of w and 8.
8
Suppose 0 = -b + 10 + 10. Suppose -5*g - 300 = -8*g. Calculate the greatest common divisor of b and g.
20
Let k be 1*9*(-1)/(-3). Suppose 4*n = -k*v - 47 - 6, -2*v = -10. Let f = 38 - n. What is the highest common divisor of f and 5?
5
Let q(y) be the second derivative of y**4/12 - 3*y**3/2 - 6*y**2 - 2*y. Let j be q(10). Let l be (6/(-9))/(j/9). What 